ighest common divisor of 9870 and 61570.
470
Calculate the greatest common factor of 2080 and 910.
130
What is the highest common factor of 5759 and 208?
13
Calculate the highest common factor of 2587515 and 21.
21
What is the greatest common factor of 340 and 40970?
170
What is the highest common divisor of 2420 and 697565?
605
What is the highest common divisor of 898 and 791138?
898
What is the highest common factor of 408 and 11118?
102
Calculate the highest common divisor of 44144 and 2480.
496
What is the greatest common divisor of 136 and 66334?
34
Calculate the greatest common factor of 9075 and 4719.
363
What is the highest common factor of 25 and 1301925?
25
What is the highest common divisor of 357 and 201110?
119
What is the highest common factor of 15925 and 26?
13
Calculate the highest common divisor of 92 and 387688.
92
Calculate the highest common divisor of 352 and 407616.
352
What is the highest common divisor of 439965 and 135?
135
Calculate the greatest common factor of 11676 and 20.
4
What is the highest common factor of 46849 and 33?
11
Calculate the highest common divisor of 555 and 54242.
37
What is the highest common divisor of 1796356 and 136?
68
What is the greatest common divisor of 6 and 174?
6
Calculate the highest common factor of 61 and 854.
61
What is the highest common divisor of 8 and 926?
2
What is the highest common factor of 3040 and 15040?
160
What is the highest common factor of 22803 and 66?
33
What is the greatest common factor of 10496 and 5166?
82
Calculate the highest common divisor of 15 and 11335.
5
Calculate the highest common factor of 598 and 88114.
26
What is the highest common factor of 272 and 1053796?
68
What is the highest common factor of 157441 and 5917?
61
What is the greatest common factor of 6828 and 1176?
12
Calculate the greatest common divisor of 903 and 607848.
129
Calculate the highest common divisor of 4 and 1368772.
4
Calculate the greatest common factor of 1060 and 2180.
20
Calculate the highest common divisor of 2955 and 5424395.
985
What is the highest common divisor of 1099 and 17113?
157
What is the highest common divisor of 55 and 90035?
55
What is the greatest common divisor of 94 and 11515?
47
Calculate the highest common divisor of 890 and 70.
10
Calculate the highest common factor of 13780 and 585.
65
What is the greatest common divisor of 479551 and 1685?
337
What is the highest common factor of 405 and 1209249?
81
What is the highest common divisor of 13869 and 207?
207
What is the highest common factor of 3824 and 40?
8
What is the greatest common factor of 25 and 2335?
5
Calculate the highest common divisor of 34821 and 73.
73
What is the greatest common factor of 408104 and 278?
278
Calculate the highest common divisor of 78 and 130299.
39
What is the highest common factor of 3380 and 880?
20
Calculate the greatest common divisor of 299 and 3266.
23
What is the highest common factor of 115 and 98624?
23
What is the greatest common divisor of 4609 and 43576?
419
Calculate the highest common divisor of 2547 and 657.
9
Calculate the greatest common factor of 475235 and 136.
17
What is the greatest common divisor of 28 and 866?
2
Calculate the greatest common factor of 426 and 222.
6
Calculate the greatest common factor of 9 and 111.
3
What is the greatest common divisor of 13685 and 11753?
161
Calculate the greatest common divisor of 25265 and 27435.
155
Calculate the highest common factor of 372 and 331328.
124
What is the highest common divisor of 203831 and 12860?
643
Calculate the highest common factor of 108 and 3054.
6
What is the greatest common factor of 132451 and 11?
11
Calculate the highest common divisor of 28 and 5138.
14
Calculate the highest common divisor of 3335 and 261.
29
What is the greatest common divisor of 2539084 and 76?
76
Calculate the greatest common factor of 797209 and 3843.
427
Calculate the highest common divisor of 19691 and 194.
97
Calculate the highest common factor of 159 and 9686757.
159
What is the highest common factor of 267744 and 480?
96
Calculate the highest common factor of 270 and 3932280.
270
Calculate the greatest common factor of 9608 and 808.
8
What is the greatest common factor of 19944 and 90?
18
Calculate the greatest common divisor of 1953 and 399.
21
Calculate the highest common divisor of 80200 and 75.
25
Calculate the greatest common factor of 2446079 and 323.
323
Calculate the greatest common factor of 105735 and 95.
95
Calculate the highest common divisor of 1079 and 286018.
83
What is the highest common divisor of 8 and 6082?
2
Calculate the highest common divisor of 32 and 147624.
8
What is the highest common divisor of 61601 and 6641?
229
What is the highest common divisor of 434736 and 432?
144
What is the highest common factor of 1024 and 878208?
128
What is the highest common divisor of 134 and 451446?
134
Calculate the highest common factor of 6416010 and 178.
178
Calculate the greatest common divisor of 310 and 92318.
62
Calculate the highest common divisor of 1307291 and 61.
61
What is the highest common factor of 10876071 and 2818?
1409
Calculate the highest common factor of 12922 and 1001.
91
What is the greatest common divisor of 1250 and 183250?
250
Calculate the greatest common divisor of 129 and 7587.
3
Calculate the greatest common factor of 12572 and 644.
28
What is the greatest common divisor of 420 and 153090?
210
What is the highest common factor of 20034 and 13886?
106
Calculate the highest common factor of 210 and 71694.
42
What is the highest common divisor of 114 and 561241?
19
What is the highest common factor of 32317 and 51?
17
Calculate the highest common divisor of 2831 and 34717.
149
Calculate the greatest common factor of 1296 and 50896.
16
Calculate the greatest common factor of 21783 and 583.
53
Calculate the greatest common factor of 1091575 and 141.
47
What is the greatest common factor of 44821 and 56?
7
Calculate the greatest common divisor of 1466628 and 48.
12
What is the highest common factor of 71092 and 16?
4
What is the greatest common divisor of 24 and 3262560?
24
Calculate the highest common divisor of 3241 and 367159.
463
What is the highest common divisor of 1163428 and 1406?
74
What is the greatest common factor of 31053 and 132?
33
Calculate the greatest common factor of 234936 and 132.
12
Calculate the greatest common divisor of 12738 and 15633.
579
Calculate the greatest common factor of 106816 and 168569.
1669
Calculate the greatest common factor of 1664 and 731744.
416
Calculate the highest common factor of 206 and 322802.
206
What is the highest common divisor of 204032 and 2816?
256
Calculate the highest common divisor of 3874 and 17407.
13
What is the greatest common divisor of 200506 and 4756?
58
What is the highest common factor of 3420 and 1763865?
855
Calculate the greatest common factor of 154 and 15686.
22
Calculate the greatest common factor of 797060 and 11.
11
What is the greatest common factor of 6456 and 294?
6
Calculate the highest common divisor of 272425 and 425.
425
Calculate the greatest common factor of 32623 and 102.
17
What is the highest common factor of 16697 and 1003?
59
Calculate the greatest common divisor of 224 and 43204.
28
Calculate the highest common divisor of 47 and 72004.
47
Calculate the highest common factor of 17666 and 146.
146
Calculate the highest common divisor of 8 and 12041.
1
Calculate the highest common divisor of 113508 and 1080.
108
What is the highest common factor of 19 and 1435127?
19
What is the highest common divisor of 3060 and 131886?
306
What is the highest common factor of 616941 and 975?
39
Calculate the greatest common divisor of 212152 and 184.
184
What is the highest common factor of 180875 and 1500?
125
What is the greatest common factor of 12 and 23164?
4
What is the highest common divisor of 1112 and 1102270?
278
What is the highest common divisor of 3124 and 880?
44
Calculate the highest common factor of 455 and 169065.
65
What is the highest common factor of 1454 and 16?
2
Calculate the highest common factor of 4048529 and 46.
23
Calculate the greatest common divisor of 14198 and 204268.
458
What is the greatest common factor of 9 and 130659?
3
What is the greatest common factor of 943594